u?
6
Let j(u) = 14*u - 36. Let w be j(3). Suppose -w*q + 2654 = -868. What is the units digit of q?
7
Let l(o) = 29*o**2 - 4*o + 2. Let w be l(1). Suppose 4*b = w + 13. Suppose 2189 = i + b*i. What is the hundreds digit of i?
1
What is the units digit of ((-23)/8 + 3)/(8/320) - -1754?
9
Let p = -8882 - -18242. Suppose 9*s = -s + p. What is the units digit of s?
6
Let l(o) be the second derivative of 197*o**5/5 + o**4/4 - o**2 + 58*o - 1. What is the units digit of l(1)?
9
Suppose -336 = 6*z + 78. Suppose -2*d = 4*b - 3*b - 317, d + 5*b - 145 = 0. Let i = z + d. What is the units digit of i?
1
Suppose -11*v = -68692 - 419411. What is the ten thousands digit of v?
4
Let d(f) = f**3 + 12*f**2 - 17*f - 43. Let x be d(-13). Let y(c) = 2*c**3 - 16*c**2 + 6*c + 15. What is the units digit of y(x)?
1
Suppose -27748 = -4*t - 3*i, 3*t = -3*i + 21788 - 974. What is the tens digit of t?
3
Suppose 0 = 3*f + 45 - 60. Suppose f*a + n - 845 = 0, 3*a + n = 2*a + 165. What is the tens digit of a?
7
Let s = -4734 - -10152. What is the hundreds digit of s?
4
Let q(a) = 2*a + 5. Let u be q(8). Let j = 1363 - 1358. Suppose 2*s = -x + 7, -5*x = j*s - 14 - u. What is the units digit of x?
7
Suppose -5*p = 2*t - 55147, -t - 18356 = -2*p + 3701. What is the tens digit of p?
2
Let u be 1 + 2555/1 + -1. Suppose -7*f = -u - 2450. What is the hundreds digit of f?
7
Suppose 23*g - 3319 = 19*g + s, 0 = -g + s + 826. Suppose -q + 3*o = 2*q - g, o = 4. What is the units digit of q?
1
Suppose 0 = -1290*r + 1276*r + 13958. What is the tens digit of r?
9
Suppose -5*t = -3*t - 1670. Let n = t + 252. What is the tens digit of n?
8
Suppose -2*h + 10763 = h + 5*j, -h + 3581 = 3*j. Suppose 7063 + h = 33*a. What is the units digit of a?
3
Suppose -5*j = 99*f - 100*f + 3206, j = -2*f + 6368. What is the tens digit of f?
8
Let m = -1928 + 1375. Let l = m - -939. What is the hundreds digit of l?
3
Suppose 4*o = w - 2, -w - 1 - 6 = 5*o. What is the tens digit of 1*(286 - (w + 5))?
8
Let m be (-3)/(-7) + 648/56. Suppose 14*r - m*r = 846. What is the hundreds digit of r?
4
Suppose 5*r = -k - 20, 2*k + 20 = -r - 4*r. Let a be -4 + k - (-1 + -3). Suppose u + 5*x - 10 - 3 = a, -x - 87 = -3*u. What is the units digit of u?
8
Let c be 7584/(-72) + 8/6. Let y = c + 151. Suppose 24*l = 25*l - y. What is the tens digit of l?
4
Suppose 5*d - 3*d - 516 = 0. Let x = d + 32. What is the hundreds digit of x?
2
Suppose -320 = 4*p - 4*r, 0*p + 4*r + 360 = -4*p. Let t = p + 26. Let o = -1 - t. What is the units digit of o?
8
Let k(f) = 7*f**2 - 35*f + 98. What is the tens digit of k(25)?
9
Let l(a) = a**3 + a**2 - 2*a - 5. Suppose -4*c = 10 + 2. Let n be 6*(25/(-10) - c). What is the tens digit of l(n)?
2
Let t(p) = -30*p + 28. Let g be t(-19). Let v = g + -288. What is the tens digit of v?
1
Let w be 7/28 - 2249/4. Let q = 792 + w. Suppose 2*h = -3*h + q. What is the units digit of h?
6
Suppose -2*c = 5*y + 104, -y = 2*c + c + 26. Let t be (-6)/(-10) + 12/y. What is the units digit of (t - -1 - (-22)/6)*24?
2
Let n = -10583 + 13011. What is the hundreds digit of n?
4
Suppose 2*w - y = 5, 2*w = -5*y - 10 + 9. Suppose -w = i, 11*n + i = 10*n + 28. What is the units digit of n?
0
Let d(o) = o**3 - 35*o**2 + 271*o - 76. What is the thousands digit of d(37)?
2
Let o = 760 + -748. What is the units digit of (o*(-11)/22)/((-3)/100)?
0
Let o(l) = 2*l**2 + 5*l + 10. Let b = -42 + 38. Let i be o(b). What is the tens digit of -1 + 18/i - 3728/(-176)?
2
Let m(z) be the second derivative of -7*z**3/6 + 8*z**2 + 15*z. Let s be m(-5). Let i = 33 + s. What is the units digit of i?
4
Suppose -1845*o - 1866954 = -1989*o + 1583430. What is the hundreds digit of o?
9
Suppose 118*y - 473202 = 95*y. What is the tens digit of y?
7
Suppose -c - 3*u = -6*c + 28, 10 = c - 5*u. Let b be 0 + (-1)/(c/(-20)). Suppose -h = 3*p - 115 + 19, 0 = -3*h - b*p + 263. What is the units digit of h?
1
What is the tens digit of (60/60)/((-5)/(-36100))?
2
Let s(i) = i + 13. Let g be s(-11). Let q(k) = -15 + 0 + 8*k**g + 12*k - 21*k + k**3. What is the tens digit of q(-7)?
9
Let a(l) = 8*l**3 - 2*l**2 - 3*l + 2. Let d be a(2). Let y = d - 50. Suppose y*m = -0*g - g + 218, 0 = 5*m - 3*g - 523. What is the tens digit of m?
0
Let n be -109 + 1 - (-2 - -3). Let k = 240 + n. What is the tens digit of (-7 - -3) + 2 + k?
2
Let m = -8 + 13. Suppose m*n + 4 = 29. Suppose n*x + 1 = 26. What is the units digit of x?
5
Suppose -3*x = -x + u - 8, -2*x + 2*u + 14 = 0. Let v(s) = 10*s**3 + 9*s**2 - 17*s + 1. What is the thousands digit of v(x)?
1
Let v = 196 + -192. Suppose -2*z = -v*a - 262, 0 = 2*z + 5*a - 17 - 245. What is the tens digit of z?
3
Let k = 505 - 490. Suppose k*z + 11*z - 50700 = 0. What is the units digit of z?
0
Let u(w) = 19*w**2 - 550*w + 70. What is the ten thousands digit of u(44)?
1
Let b = 79 + 417. Suppose -b = -19*y + 15*y. Let s = 287 - y. What is the hundreds digit of s?
1
Let s = -193 + 187. What is the hundreds digit of (-3)/(-72)*s - 1369/(-4)?
3
Let s(o) = -4*o**2 + 18*o - 13. Let m be s(4). What is the tens digit of m + ((-139557)/(-165) - 1/(-5))?
4
Suppose -w + 225 = -4*q - 5206, -4*q - 59901 = -11*w. What is the units digit of w?
7
Suppose 7*y - 11*y = -28. Suppose 0 = y*p - 51 - 82. Let x = p + 2. What is the tens digit of x?
2
Suppose -4*f + 3*p = -159, 0*p = 2*f + p - 77. Suppose -35 = 32*o - f*o. What is the units digit of o?
5
Suppose -2*t + 10 = 0, -4*j - 345 = -8*j + 3*t. Let i = 115 - j. What is the tens digit of i?
2
Let m(a) = 3*a**2 - 11*a - 40. Let k be m(6). What is the units digit of (2571 - k)*(-30)/(-105)?
4
Suppose -2*m + 2*j + 660 - 24 = 0, -4*j = 12. Let w(k) = -k**3 + 12*k**2 - 6*k + 20. Let n be w(11). Suppose -n + m = 2*g. What is the hundreds digit of g?
1
Let z(f) = f**3 + 19*f**2 + 60*f + 11. Let o be z(-15). Suppose 3453 = -o*c + 10526. What is the units digit of c?
3
Let u(v) = -12*v. Let s = -28 - -33. Suppose s*m + a = -5, -3*m + 1 = -4*m - 2*a. What is the units digit of u(m)?
2
Let v(x) = -3*x**2 + 164*x + 84. What is the tens digit of v(54)?
9
Suppose 165*d - 831837 = 1703883. What is the tens digit of d?
6
Let h(u) = 11*u**2 + 292*u - 379. What is the tens digit of h(-30)?
6
Let o be 2/13 - (-288)/156. Suppose 2*a = -o*p - 0*a - 4, 5*a + 28 = 4*p. Suppose 0 = p*v + 2*v - 384. What is the tens digit of v?
9
Let n(t) = -1082*t**3 + 3*t**2 + 14*t + 27. Let z be n(-2). Suppose z - 32779 = -16*x. What is the hundreds digit of x?
5
Let a(o) = -1405*o + 1593. What is the units digit of a(-10)?
3
Let w = -194 + 198. Suppose q = 4*q - n - 1477, w*q + 4*n = 1980. What is the tens digit of q?
9
Let y = -14 - -11. Let j be y + 156*(3/2 - 1). Let c = j + -44. What is the tens digit of c?
3
Let r = 907 + -415. Suppose j = 3*j - 4*y - r, -j - y = -243. What is the hundreds digit of j?
2
Let v(a) = -35*a - 166. Suppose 3*k = -y - y - 20, y = 3*k + 17. What is the units digit of v(k)?
4
Let m(s) = s**2 + 18*s - 17. Let q be m(-9). Let j = q - -228. Let v = -112 + j. What is the units digit of v?
8
Suppose -3*q - q + 8 = 0. Suppose 24*h - 2*y - 19 = 19*h, -4*y = 8. Suppose 4*w + 4*j - 304 = 0, q*w - 378 = -h*w - 4*j. What is the units digit of w?
4
Suppose -2*l + 12 = -0*l. Let m be 1/l - 11/(-6). Suppose -v + 2*v - 48 = -g, -5*v = m*g - 246. What is the tens digit of v?
5
Let c(x) = -3*x + 24. Let k be c(9). Let w(b) = 13*b + 21. Let l(q) = -12*q - 20. Let m(g) = k*l(g) - 2*w(g). What is the units digit of m(5)?
8
Suppose 11*a = 256 + 272. Suppose -a*w + 44*w = -308. What is the tens digit of w?
7
Let c(d) = -d**2 - 10*d + 8. Let x be c(-11). Let u(r) = -64*r + 1. What is the units digit of u(x)?
3
Let m = -116 + 57. Let d = 58 + m. What is the units digit of (3/(-4))/d + 3375/108?
2
Suppose k - 4*t - 4283 = -3*t, -5*k + 4*t + 21412 = 0. Suppose -28*j = -23*j - k. What is the hundreds digit of j?
8
Let x be ((-8)/(-10))/((-20)/(-100)). Suppose 0*b = 5*b - 10, 4 = 3*l - x*b. Suppose -3*o + l*o = 6. What is the units digit of o?
6
What is the thousands digit of -169*(119/(-7))/((-6)/(-102))?
8
Let w be -2 + (3844 - -1)/5. Suppose 0 = -6*u + 391 + w. What is the units digit of u?
3
Let g be (163/(-5) - 0) + 2/(-5). Suppose 0 = 22*u - 5*u - 3196. Let y = u - g. What is the units digit of y?
1
What is the thousan